{"id":9,"date":"2018-08-02T08:58:54","date_gmt":"2018-08-02T08:58:54","guid":{"rendered":"http:\/\/die-praline-moelln.de\/?page_id=9"},"modified":"2020-09-25T11:26:29","modified_gmt":"2020-09-25T11:26:29","slug":"impressum","status":"publish","type":"page","link":"https:\/\/die-praline-moelln.de\/?page_id=9","title":{"rendered":"Impressum"},"content":{"rendered":"\n<figure class=\"wp-block-image\"><img loading=\"lazy\" width=\"617\" height=\"280\" src=\"http:\/\/die-praline-moelln.de\/wp-content\/uploads\/2019\/09\/Logo_Praline_neu.jpg\" alt=\"Die Praline M\u00f6lln\" class=\"wp-image-19\" srcset=\"https:\/\/die-praline-moelln.de\/wp-content\/uploads\/2019\/09\/Logo_Praline_neu.jpg 617w, https:\/\/die-praline-moelln.de\/wp-content\/uploads\/2019\/09\/Logo_Praline_neu-300x136.jpg 300w\" sizes=\"(max-width: 617px) 100vw, 617px\" \/><\/figure>\n\n\n\n<p>Inhaltlich und technisch verantwortlich f\u00fcr diese Webseite:<br><br>Herr <br>J\u00f6rn Ewert<br>Hauptstra\u00dfe 66 \u00a0 <br>23879 M\u00f6lln <br>Rufnummer: 045422092 <br>Die-Praline@gmx.de<br><br><strong>Haftungsausschlu\u00df:<\/strong>   <br>Mit Urteil vom 12. Mai 1998 hat das Landgericht Hamburg entschieden, dass man durch die Ausbringung eines Links die Inhalte der gelinkten Seite gegebenenfalls mit zu verantworten hat. Dies kann &#8211; so das LG &#8211; nur dadurch verhindert werden, dass man sich ausdr\u00fccklich von diesen Inhalten distanziert. Von einigen unserer Seiten f\u00fchren Links zu anderen Seiten im Internet. F\u00fcr all diese Links, sowie Links aus unseren Foren sowie dem G\u00e4stebuch gilt: Wir m\u00f6chten ausdr\u00fccklich betonen, dass wir keinerlei Einfluss auf die Gestaltung und die Inhalte der gelinkten Seiten haben. Aus diesem Grunde distanzieren wir uns hiermit ausdr\u00fccklich von allen Inhalten gelinkter Seiten und machen uns ihre Inhalte nicht zu eigen. Diese Erkl\u00e4rung gilt f\u00fcr alle Links und f\u00fcr alle Inhalte der Seiten, zu denen bei uns gelinkte Inhalte f\u00fchren.      <br><br><strong>Markennamen:  <\/strong> <br>Alle verwendeten Markennamen, eingetragene Warenzeichen und Logos sind Eigentum der jeweiligen Firmen und Hersteller. Sie dienen lediglich zur besseren Orientierung und als Anwendungshilfe auf der Website.  <\/p>\n","protected":false},"excerpt":{"rendered":"<p>Inhaltlich und technisch verantwortlich f\u00fcr diese Webseite: Herr J\u00f6rn EwertHauptstra\u00dfe 66 \u00a0 23879 M\u00f6lln Rufnummer: 045422092 Die-Praline@gmx.de Haftungsausschlu\u00df: Mit Urteil vom 12. Mai 1998 hat das Landgericht Hamburg entschieden, dass man durch die Ausbringung eines Links die Inhalte der gelinkten Seite gegebenenfalls mit zu verantworten hat. Dies kann &#8211; so das LG &#8211; nur dadurch &hellip; <\/p>\n<p class=\"link-more\"><a href=\"https:\/\/die-praline-moelln.de\/?page_id=9\" class=\"more-link\"><span class=\"screen-reader-text\">\u201eImpressum\u201c<\/span> weiterlesen<\/a><\/p>\n","protected":false},"author":1,"featured_media":0,"parent":0,"menu_order":0,"comment_status":"closed","ping_status":"closed","template":"","meta":[],"_links":{"self":[{"href":"https:\/\/die-praline-moelln.de\/index.php?rest_route=\/wp\/v2\/pages\/9"}],"collection":[{"href":"https:\/\/die-praline-moelln.de\/index.php?rest_route=\/wp\/v2\/pages"}],"about":[{"href":"https:\/\/die-praline-moelln.de\/index.php?rest_route=\/wp\/v2\/types\/page"}],"author":[{"embeddable":true,"href":"https:\/\/die-praline-moelln.de\/index.php?rest_route=\/wp\/v2\/users\/1"}],"replies":[{"embeddable":true,"href":"https:\/\/die-praline-moelln.de\/index.php?rest_route=%2Fwp%2Fv2%2Fcomments&post=9"}],"version-history":[{"count":6,"href":"https:\/\/die-praline-moelln.de\/index.php?rest_route=\/wp\/v2\/pages\/9\/revisions"}],"predecessor-version":[{"id":78,"href":"https:\/\/die-praline-moelln.de\/index.php?rest_route=\/wp\/v2\/pages\/9\/revisions\/78"}],"wp:attachment":[{"href":"https:\/\/die-praline-moelln.de\/index.php?rest_route=%2Fwp%2Fv2%2Fmedia&parent=9"}],"curies":[{"name":"wp","href":"https:\/\/api.w.org\/{rel}","templated":true}]}}

<figure class="wp-block-image"><img loading="lazy" width="617" height="280" src="http://die-praline-moelln.de/wp-content/uploads/2019/09/Logo_Praline_neu.jpg" alt="Die Praline Mölln" class="wp-image-19" srcset="https://die-praline-moelln.de/wp-content/uploads/2019/09/Logo_Praline_neu.jpg 617w, https://die-praline-moelln.de/wp-content/uploads/2019/09/Logo_Praline_neu-300x136.jpg 300w" sizes="(max-width: 617px) 100vw, 617px" /></figure>



<p>Inhaltlich und technisch verantwortlich für diese Webseite:<br><br>Herr <br>Jörn Ewert<br>Hauptstraße 66   <br>23879 Mölln <br>Rufnummer: 045422092 <br>Die-Praline@gmx.de<br><br><strong>Haftungsausschluß:</strong>   <br>Mit Urteil vom 12. Mai 1998 hat das Landgericht Hamburg entschieden, dass man durch die Ausbringung eines Links die Inhalte der gelinkten Seite gegebenenfalls mit zu verantworten hat. Dies kann &#8211; so das LG &#8211; nur dadurch verhindert werden, dass man sich ausdrücklich von diesen Inhalten distanziert. Von einigen unserer Seiten führen Links zu anderen Seiten im Internet. Für all diese Links, sowie Links aus unseren Foren sowie dem Gästebuch gilt: Wir möchten ausdrücklich betonen, dass wir keinerlei Einfluss auf die Gestaltung und die Inhalte der gelinkten Seiten haben. Aus diesem Grunde distanzieren wir uns hiermit ausdrücklich von allen Inhalten gelinkter Seiten und machen uns ihre Inhalte nicht zu eigen. Diese Erklärung gilt für alle Links und für alle Inhalte der Seiten, zu denen bei uns gelinkte Inhalte führen.      <br><br><strong>Markennamen:  </strong> <br>Alle verwendeten Markennamen, eingetragene Warenzeichen und Logos sind Eigentum der jeweiligen Firmen und Hersteller. Sie dienen lediglich zur besseren Orientierung und als Anwendungshilfe auf der Website.  </p>

<p>Inhaltlich und technisch verantwortlich für diese Webseite: Herr Jörn EwertHauptstraße 66   23879 Mölln Rufnummer: 045422092 Die-Praline@gmx.de Haftungsausschluß: Mit Urteil vom 12. Mai 1998 hat das Landgericht Hamburg entschieden, dass man durch die Ausbringung eines Links die Inhalte der gelinkten Seite gegebenenfalls mit zu verantworten hat. Dies kann &#8211; so das LG &#8211; nur dadurch &hellip; </p>
<p class="link-more"><a href="https://die-praline-moelln.de/?page_id=9" class="more-link"><span class="screen-reader-text">„Impressum“</span> weiterlesen</a></p>
